(8 - (-6 - (-14 + -16))) + -28.
-44
What is the value of -25 - -20 - (22 + -8) - -36?
17
Evaluate (-3 - (0 + -1)) + (-10 - (-79 - -51)).
16
Calculate 1 - 29 - (118 + -106 + -64).
24
Calculate 21 + -68 + 33 - 56.
-70
What is -2 - ((8 - (7 + 4 + -1 + 2)) + 99)?
-97
What is -12 - (-64 + 26) - (15 - -6)?
5
Calculate 1 + 96 - (-18 - (58 + -75 - 16)).
82
-34 - (0 + -7 - (-1 - 5))
-33
Calculate (13 - 15) + 6 + -14 + -12 + 3.
-19
Calculate 230 + 94 + -184 - 49.
91
What is 92 - (91 - (-108 + 146))?
39
65 - (-59 + -17 + 83)
58
Calculate -101 - (-55 + (-48 - -93)).
-91
What is the value of (-85 - -25) + 21 + (121 - 23)?
59
Evaluate 18 + -28 + (-4 - -29) + -57.
-42
Calculate 4 - -6 - (5 + 11 - -4 - 14).
4
What is 93 + (29 + -32 - 26) + 4?
68
23 - (-1 + 1 + -1) - (-678 - (422 - 1100))
24
-81 - -64 - ((-4 - -14) + 5)
-32
What is the value of 13 + -29 - (-1 + 19 - (-1106 + 1193))?
53
What is -51 + 23 + (-30 - -12)?
-46
What is the value of (23 - (26 - -22)) + 13 - (-1 + -20)?
9
What is the value of 13 + (0 - 29 - (-23 + 33))?
-26
Evaluate (1 + -4 - (22 + -9)) + -12.
-28
What is the value of 90 + -2 + 1 + (-67 - -62) - 16?
68
Calculate 20 + (1 - 0) + -15 - 12 - 10.
-16
What is the value of -60 + 34 + -15 + (-9 - (3 - -2))?
-55
What is the value of 9 + (-13 - -7 - (24 + 0 - (-5 - -8)))?
-18
-11 + -1 + 123 + (-19 - 2)
90
(-85 - -110) + -115 + -1 + (3 - 4 - 6)
-98
Evaluate -123 + (4 + -1 - (10 + -24)) + 1.
-105
Evaluate -14 - (45 + -9) - -14.
-36
Evaluate 15 + (1 - 118) + (-52 + -13 - -66).
-101
-4 + (-53 - -71 - -1)
15
Evaluate -29 - (-2 - -1 - -36 - 19).
-45
What is 9081 - 9068 - (1 + (-38 - (3 + -1)))?
52
What is the value of -152 - (-150 + 9) - (38 + 2)?
-51
-22 - (30 + (13 - 40))
-25
What is the value of 48 + -69 + -11 - -17?
-15
Evaluate -3 + (2 + 6 + (67 - 74) - -16).
14
Evaluate -388 + 430 + (-141 - (-21 - -11)).
-89
Evaluate (0 - -11 - 4 - (-27 + 22) - 52) + -15.
-55
What is the value of (-8 - -60) + -20 + 5?
37
Evaluate 75 - 88 - ((-2 - 4) + 0 + -73).
66
Calculate -46 + -2 + (3305 - 3292).
-35
What is the value of 0 + -24 - (-7098 + 7132)?
-58
Calculate -1 - 82 - (-81 + 77).
-79
What is (-86 - -8) + (-1 + 17 - (-36 - -38))?
-64
Evaluate -1 + -47 + 4 - (69 - (8 + 58)).
-47
What is the value of (36 + -23 - 55) + -1 + 160?
117
What is -109 + 109 + (-28 - 94)?
-122
What is -36 - (53 + -144 - -22)?
33
What is 17 - (31 + 9 + 20 + -25)?
-18
What is 200 + 0 + 91 + -212?
79
-75 - (52 - 154) - (0 - -10)
17
Evaluate 47 + -36 + -18 - (-1 - -4) - -53.
43
Evaluate -2 + -3 - ((-18 - -27) + -31 + 61).
-44
What is the value of (-529 - -535) + 2 + -37?
-29
What is -1 - 4 - (126 + -2 + (-160 - (-37 + -98)))?
-104
4 + (8 - (-6 - (107 + -118 - (5 + 0))))
2
(75 - 11) + 9 + (1 - (-12 + 1))
85
54 + -51 - -26 - 37
-8
Calculate -17 + 12 - (6 + (43 - 5) + -2 + -2).
-45
Calculate 1 + (1 - 0) + (-9 - (37 + -20 + -36)).
12
What is 13 + -16 + 21 + -37 + 24?
5
2 - -8 - ((-35 - (-43 + 18)) + 7)
13
Calculate (-61 - (3 + -13 + 2)) + 7 + 6 + -1.
-41
Evaluate (3 - 17 - (52 + -77)) + -22.
-11
83 + -20 - (5 - (78 + -50))
86
What is the value of 2504 + -2516 + -2 + (1 - 0) + 59?
46
Evaluate 20 + 35 - (8 - -78).
-31
What is the value of 118 + (160 - 284) - (1 - (7 - -2))?
2
What is -1 + 3 + (-75 + 19 - -59)?
5
11 + -11 + 10 + -44 + (5 - (-1 - 5))
-23
What is the value of -86 + -1 - (-3122 + 2970)?
65
Calculate 128 + 31 + -416 + 157.
-100
What is the value of (37 - (53 - 41)) + (9 - -21)?
55
Calculate (3 - (-20 + -24)) + -95.
-48
Evaluate 83 + (-143 - 1) + 58.
-3
Evaluate (0 - -1 - 6) + -148 + 30 + 92.
-31
Calculate -6 + -10 + -7 + 3 + -5 + 15.
-10
-126 + (56 - (93 + -50) - (8 + 0)) + -6
-127
45 + (-95 - -55) - -2
7
Evaluate 83 - (52 + -28 + 14).
45
-15 + 152 + -148 - (30 + 1 + -1)
-41
What is the value of 5 + -48 + 3 + 7?
-33
-1 - (103 - 90 - 86)
72
What is -3 - (-11 + -2 - (10 + -12))?
8
Calculate -209 - -342 - ((27 - -19) + -10).
97
What is the value of (1 - -71) + (-39 - (-22 - 21)) + -12 + 1?
65
Calculate 67 + -16 + -7 + -1 + -14 + 31.
60
What is (2 - -4 - (27 + -28)) + 25 + (14 - 2)?
44
Evaluate (-71 - -90) + -41 + 29.
7
What is 120 + -127 + -109 + 159?
43
What is the value of -36918 + 36800 - ((1 - 3) + -35)?
-81
What is (3 - 0) + -130 + 23 + (22 - 22) + 10?
-94
((3 - -16) + (-29 - 10) - -43) + 112
135
Calculate 137 - (-203 - -331) - (-2 + 4 + 11) - 124.
-128
What is -12649 + 12703 - (-2 + 0 + (-1 - 13))?
70
What is the value of -18 + -43 + 13 + -7 + -2 + 5?
-52
9 + (1 - 8 - (-100 - -100)) + 3 - 25
-20
87 - (25 - ((-12 - 0) + (364 - 347)))
67
What is the value of (-104 - -73) + ((-1 - 6) + 4 - -10)?
-24
-6 - (85 - 72) - (-1 + -62)
44
What is (-2 - 47) + -12 + 15 + -3 - -9?
-40
What is -1948 + 1884 + (1 + 0 - (12 + -8 + -16))?
-51
Evaluate -7 + (1 + 1 - (-1 + -11 - 32)).
39
-15 + (9 - 5 - (-140 - -145))
-16
(-62 - -16) + -84 + 81
-49
-54 + (-28 - -22 - -14) + 23
-23
Evaluate -66 + 103 + 13 + 47.
97
Calculate -85 - (-130 + 63) - (1 + 17).
-36
What is the value of -7 + (5 + 7 - -4 - 10) - -7?
6
What is the value of 49 - -4 - 43 - 24?
-14
-97 + 53 - -4 - (5 + 1)
-46
What is (-197 - (195 + -364)) + (1 - 48)?
-75
What is the value of -568 + 552 + -39 + 4?
-51
What is -77 + (10 - (-37 - 81))?
51
What is the value of (-4 + 122 - 86) + -84?
-52
Evaluate (-2 - 17) + (-7 - -1) + 1 + 6 + -7.
-25
-31 + (-274 - -277) + (-2 - 1)
-31
Evaluate -14 - (-15 + 12 + -32) - 18.
3
Calculate -17 - (13 + -27) - (1 - (-3 + 0) - 46).
39
Evaluate -60 + 2 - (-30 - (2 - 36)) - -7.
-55
Calculate 271 + -240 + (-19 - 13).
-1
What is (105 - (58 - 23)) + 12 + 5 + 10?
97
Evaluate -1 + 71 - ((9 - (1 + -1)) + 2714 + -2714).
61
-11 + (36 + -25 + -14 + (-2 - -17) - -95)
96
20 - (-13 + (21 - 144) - (0 + -7))
149
Calculate 73 + (-91 - -32 - -71).
85
Calculate -2 + 13 - (-100 + 38 + -37 - -5).
105
What is (-11 - -3) + 48 + 34 + -33?
41
0 + -1 + 8 - (-25 - (9 + 2))
43
Calculate 0 + 22 - 17 - (-4 - (-5 + 0)).
4
What is the value of 6 - -31 - (94 + -102)?
45
What is 55 + (-26 + 41 - 32)?
38
Evaluate 2 - (-53 + 1 + (-35 - -61) + -18).
46
What is -21 + 1 - (-69 - -66 - 42)?
25
Calculate (-23 - (6 - (28 + 11))) + -7 + -1.
2
What is the value of (0 - -14 - (40 + -23 + 14)) + 15 + 90?
88
What is the value of -5 + 1 - (-6 - (8 - 3 - 3) - 45)?
49
Evaluate -2 - (105 + -170 + 105 - (-1 - (-3 - 0))).
-40
What is the value of (-30 - 0) + -20 + (9 + -40 - -43)?
-38
What is -20 + -20 + (7 - (2 + -1))?
-34
What is the value of -998 - -1019 - (105 - (-6 + -2))?
-92
What is the value of -6 + (1 - -1 - (11 + 0)) + (-1201 - -1275)?
59
-47 - (20 - 55) - -44
32
Calculate -66 + (-6 - (-21 + 23 + -14)).
-60
What is -61 - (24 - -4) - -15 - (2 - 7)?
-69
What is 29 - -4 - (129 + -98) - (0 + (-1 - -30))?
-27
Calculate (-2 - 2) + 3 - (-10 + 7 + (4 - 17)).
15
Calculate -7 + 4 + 20 + (-5 - 4) - (32 - -8).
-32
Calculate (-4 - -102 - 1) + -69 + 59 + 11.
98
Evaluate (18 - 18) + -26 - -41.
15
What is (-29 + 25 - -29) + -19?
6
Calculate 844 + -706 + (-109 - -9).
38
-4 + 4 + 14 - (-4 + -4 + 14)
8
Calculate (14 - (20 + -16)) + -2 - 72.
-64
What is 49 + (-63 - -59) + -1?
44
Evaluate 31 + 55 + -38 + -90.
-42
Calculate -3 + -22 - (-9 + 2 - (5 + -17 - -7)).
-23
What is the value of 8 - ((-9 + -5 + -19 - -21) + (1 - -58))?
-39
Evaluate -3 - (((-5 - -11) + -12 - (-10 + -1)) + 20).
-28
What is the value of 14 + -59 - -17 - (7 - 94)?
59
Evaluate 9 + -2 + -4 + 2 + (-14 - (-13 + 5)).
-1
Calculate (-204 - -185) + 21 + 9.
11
(-94 - -100 - (3 - (6 - 0))) + (-2 - 5)
2
Evaluate -12 + 36 - 17 - (-3 + 10).
0
Evaluate 5 + -53 + 52 - (2 + -11 - -52).
-39
What is 1 + 0 + (24 - 91) + 33?
-33
What is (70 - (268 + -142)) + -17?
-73
What is -1327 - -1330 - (55 + -3)?
-49
24 - 45 - -89 - 31
37
Evaluate -28 - -1 - (-874 - -831) - 7.
9
Calculate -120 + (-24 - -149) - (0 - -17).
-12
What is 1 + 0 - (6064 + -6085)?
22
Evaluate -156 + 210 - 73 - (0 - -67).
-86
142 + (-61 - 38) + -100
-57
What is the value of 2 + 58 - (-4038 + 4038)?
60
What is 9 + 1 + (26 + 6 - (299 - 181))?
-76
-80 + (6 - 0 - -9) + 14 + -28
-79
Calculate -13 + 22 - (-2 + (14 - 12) - -11).
-2
What is the value of 65 - (56 + -21 - (6 - -23))?
59
Calculate (8 - (-84 + 182)) + 89.
-1
Evaluate 1 + 50 - 2 - (888 - 890).
51
What is 34 - ((31 - 10 - 0) + -24)?
37
What is the value of 44 + -2 - (-76 + 94)?
24
What is the value of -11